re the prime factors of w?
3, 53
Suppose -1225 = 4*t + 5*h, 0*t + 5*t + 1556 = 2*h. Let c be (-2)/9 - t/18. Let y(v) = -v**2 + 19*v + 28. List the prime factors of y(c).
2, 31
Suppose 14 - 5 = z. Let w = z + -6. Suppose w*v + 2*q - 260 = 2, q + 79 = v. List the prime factors of v.
2, 3, 7
Suppose 3*i - 507 = -o, 2*o + o = -i + 1489. Suppose -3*n - 489 = -2*r + o, 2460 = 5*r + 4*n. List the prime factors of r.
2, 3, 41
Suppose 4*h = -q + 223, 0 = 2*h - 7*h - 2*q + 275. Let u(s) = 382*s + 3511. Let m be u(-9). Let v = m + h. What are the prime factors of v?
2, 5, 13
Let n(a) = a**2 + 36*a + 369. What are the prime factors of n(-17)?
2, 23
Let n(w) = 14*w**3 - 55*w**2 - 6*w + 16. What are the prime factors of n(11)?
79, 151
Suppose 53419 = 13*i - 118675. What are the prime factors of i?
2, 6619
Let h be (99/(-36) + 3/(-12))/(-1). Suppose -3*k - h*t + 633 = 0, 3*k + 19*t = 20*t + 621. List the prime factors of k.
2, 13
Suppose -35*j + 12*j = -10189. Let y = j - -10. What are the prime factors of y?
3, 151
Let k(i) = 2*i + 31. Let v be k(-15). Let c be (-3 - 6*3/(-6)) + v. List the prime factors of 37 - (0/(-4))/c.
37
Suppose -7*u + 11*u + 113 = i, 2*i = 3*u + 201. Let p = 15 + i. What are the prime factors of p?
2, 3
What are the prime factors of 6503 + (-64 - -56 - (-6 + 0))?
3, 11, 197
Suppose 292*w - 374822 - 1418058 = 0. List the prime factors of w.
2, 5, 307
Suppose 2*m - 21 = -9. Suppose 167 = -m*s + 4*s + 3*r, 0 = s + 3*r + 88. Let f = -40 - s. List the prime factors of f.
3, 5
Suppose p = 2*p - 2*x - 8, -x = 3. Suppose 0 = 4*d - p*g - 1470, 2*d + 733 = 4*d - 3*g. What are the prime factors of d?
2, 23
Suppose -4555 - 4258 = -7*y. Let m = y + -674. What are the prime factors of m?
3, 5, 13
Let n be (-3)/(-1) + (351 + 5 - -4). Suppose 14*b - n = 3*b. List the prime factors of b.
3, 11
Let s(o) = 221*o**2 - 64*o - 465. What are the prime factors of s(-6)?
3, 5, 7
Let d = 5921 - 2856. List the prime factors of ((-1)/3 + 0)*(-1 - d).
2, 7, 73
Let t(q) = 2*q**3 - q**2 - 11*q - 2. Let g be t(-9). Let l = -427 - g. What are the prime factors of l?
5, 7, 29
Let g(t) = 2*t**2 - 18*t + 8. Suppose 5*d = b + 5, 4*d - 3*b + 11 = 2*d. Let s be d*-1*(-65)/10. List the prime factors of g(s).
2, 7
Let t(r) = -r + 15. Let g be t(11). Let c(w) = 12*w**3 + 2*w**2 + 10*w + 1. What are the prime factors of c(g)?
29
Let g = 395 - 398. List the prime factors of 7482/58*g/(9/(-2)).
2, 43
List the prime factors of 1783 + ((-280)/10)/(-4).
2, 5, 179
Suppose -a + 6032 = 5*n, 30205 = 13*a - 8*a + 10*n. List the prime factors of a.
6047
Let b(l) = -l**2 - 6*l - 24. Let f be b(-3). Suppose -23 - 2 = 5*i. What are the prime factors of (-1)/i + f/(-25)*143?
2, 43
Let t(v) = v**3 - 6*v**2 + 3*v - 8. Let k be t(6). Let i = -3573 + 3628. Suppose 9*b = k*b - i. What are the prime factors of b?
5, 11
Let q(n) = 277*n**3 - 9*n**2 + 10*n - 12. What are the prime factors of q(3)?
2, 3, 103
Let r be (-2)/(-4) + 13/(-26). Suppose 0 = -7*f - r*f + 2191. List the prime factors of f.
313
Suppose -3*h + 425 = -8*h. Let c = -124 - -74. Let a = c - h. List the prime factors of a.
5, 7
Suppose 1668*s - 184 = 1660*s. Let c = 108 - 20. Suppose s = b - c. List the prime factors of b.
3, 37
Suppose 6*q = 3*i + q - 14808, -5*i - 5*q + 24680 = 0. What are the prime factors of i?
2, 617
What are the prime factors of (4 - 0)*(334 - -2701)?
2, 5, 607
Let s be (-3910)/(-62) + (-58)/899. Suppose 66*h - 1824 = s*h. What are the prime factors of h?
2, 19
Let o(b) = 11*b**2 + 41*b + 195. What are the prime factors of o(-23)?
11, 461
Suppose 4*r = -3*d + 108025, 0 = -13*r + 5*d + 512703 - 161607. List the prime factors of r.
113, 239
Suppose 7*o = 11*o + 3*j - 1306, -3*o + 2*j + 971 = 0. Let i = -96 - 99. Let l = i + o. What are the prime factors of l?
2, 5, 13
Let l = -232 + 232. Suppose l = -21*f + 2*f + 16264. List the prime factors of f.
2, 107
Let t = 32 - 37. Let k be ((-3)/t)/((-2)/(-10)). Let u(o) = 21*o + 4. List the prime factors of u(k).
67
Suppose 41 + 83 = 4*z. Suppose -z = -7*d + 256. Let p = d + 11. What are the prime factors of p?
2, 13
Suppose -8*r = -2*z - 7*r, 4*z + 4 = 3*r. Let h be 4 - z*(-6 - -5). What are the prime factors of (-9)/h - (-475)/2?
2, 59
Let y(v) = 79*v**2 + 51*v + 25. Let r be y(16). Suppose 0 = -302*s + 313*s - r. List the prime factors of s.
5, 383
Let d be 3*(-6)/(-24) - 86/8. Let k be 5/((-25)/d)*51/2. Suppose 4*j - 3*j = k. What are the prime factors of j?
3, 17
Suppose -854*t + 5*c + 78827 = -851*t, -52573 = -2*t - c. What are the prime factors of t?
2, 6571
Let i be ((-193105)/(-25) - 2) + (-6)/30. Suppose 0 = -14*l + 3*l + i. List the prime factors of l.
2, 3, 13
Let o(g) = 18*g**3 + 2*g**2 + 2. Let k = 392 + -390. List the prime factors of o(k).
2, 7, 11
Suppose -4*k = -l - 121, 64 = k + k - 4*l. List the prime factors of (-271983)/(-170) + 3/k.
2, 5
Let a(s) = -s**2 - s + 95. Let q be a(0). Let k = -143 + q. Let c = k - -73. List the prime factors of c.
5
What are the prime factors of (-1485388)/282*(-6)/14*(-28)/(-8)?
7901
Let u(w) = -395*w + 233. What are the prime factors of u(-3)?
2, 709
Let o = 41045 + -14425. List the prime factors of o.
2, 5, 11
Let p(i) = i - 11. Let x be p(-17). List the prime factors of 4317/21 + 16/x.
5, 41
Let g(v) = -2*v**2 - 25*v + 3. Let n be g(0). Suppose -6*o = -2*o - 8, 1 = n*d - 4*o. List the prime factors of d.
3
Let b be 24/108 - (0 + 223/(-9)). Let d be 1/(-6) - 87/18. List the prime factors of 3/d + 1065/b.
2, 3, 7
Suppose 4*j + 44 = -a, j - a = 6*j + 56. Let i(w) = -w**3 - 13*w**2 - 13*w - 10. Let b be i(j). What are the prime factors of b/(4 + (-502)/126)?
2, 3, 7
Suppose 1350 = -3*n + 8*n. Suppose -3*i + n + 26 = -5*d, -104 = -i - d. Suppose -18*q = -12*q - i. What are the prime factors of q?
17
Let d be -3*5/45 + (-514)/6. Let u = d - -84. What are the prime factors of (-1 - -3) + (-182)/(u - -1)?
2, 23
Suppose 2*c = -3*x + 14671, 5*c = 99 - 104. List the prime factors of x.
67, 73
Let p = -75 - -59. Let f be (-56)/p*(-40)/(-14). List the prime factors of 2 - (-3 - f*20).
5, 41
Suppose 0 = 2*r + 26 + 2. Let t be 20/(-40)*32*r. Suppose -108 = -z + 4*i - i, 2*z - 4*i - t = 0. List the prime factors of z.
2, 3, 5
Suppose q - 2*n - 38 = 0, 4*q - 4*n - 69 = 63. Suppose -5*o + 26*y - q*y = -145, 2*y = -10. List the prime factors of o.
31
Let k(b) = 2024*b**2 - 226*b + 694. What are the prime factors of k(3)?
2, 43, 53
Let c(z) = 9 - 4*z + 3 + 3 - 16. Let f be c(1). What are the prime factors of -1 + (-2 - f) + 12/3?
2, 3
Let q = 5419 - 1855. Suppose 0 = 8*m + 10*m - q. What are the prime factors of m?
2, 3, 11
Let x(f) = -f**2 - 6*f - 4. Let q be x(-2). Suppose 2*v + 2 = -0*z + 3*z, -3*v - 3 = q*z. Suppose z = 16*h - 466 - 974. List the prime factors of h.
2, 3, 5
Suppose -511604 - 333980 = -16*i. What are the prime factors of i?
41, 1289
Suppose -3*m - 165 = -2*q, m + 123 + 182 = 4*q. What are the prime factors of 48/10 + 15/q - -16?
3, 7
Let r(b) = 96*b - 757. List the prime factors of r(63).
11, 13, 37
Let m(t) = -4*t - 952. Let r(z) = z + 334. Let j(a) = -6*m(a) - 17*r(a). Let g(c) = 2*c**2 - 8*c - 3. Let l be g(6). List the prime factors of j(l).
181
Let k = 622 + -618. What are the prime factors of (-1)/k + (-21795)/(-12)?
2, 227
Let r(p) = -3*p**2 - 38*p + 17. Let m be r(-13). Suppose k + 3*k - 828 = -4*t, 627 = 3*t + k. Suppose 146 = m*v - t. What are the prime factors of v?
89
What are the prime factors of 9/22 - 1/2 - 43466755/(-4015)?
2, 5413
Let j = 11040 + -5646. List the prime factors of j.
2, 3, 29, 31
Let s(g) = 17*g**3 - 4*g**2 - 9*g + 4. Let l be (104/39)/(6/9). What are the prime factors of s(l)?
2, 31
Let n be ((-6)/(-15))/(1/5). Let h be ((3 - 5)/n)/(2/(-4)). Suppose 4*o = 2*t + 794, h*o + 377 = 4*o - 5*t. List the prime factors of o.
3, 67
Let r = -102 + 130. Let f be 4*(-26)/r - 12/42. What are the prime factors of -6 - -190 - f - (2 + 1)?
5, 37
Suppose m + 9 = -1. What are the prime factors of (-1 + (-95)/m)*-1*-20?
2, 5, 17
Suppose 21 = 10*r + 1. Suppose -r*i + 55 = 55. Suppose -m + 72 = 2*o, 4*m - 4 - 4 = i. List the prime factors of o.
5, 7
Suppose 0*k + 5*z = 2*k - 172, -z = 5*k - 457. Let n = 157 + k. What are the prime factors of n?
2, 31
Suppose -2*x + 3*x = 678. Suppose -500 = -2*p + 